7)*21/t composite?
True
Suppose -3*g - 18 = -27. Suppose -g*h = -2*n + 7*n - 5102, 3*n - 3065 = 2*h. Let a = n + 522. Is a composite?
False
Suppose -5*u = 5*b - 4237150, -5*u + 580311 = -2*b - 3656818. Is u a composite number?
True
Let n(a) = -5*a**3 + 19*a**2 + 60*a + 10. Let i be n(-3). Let b be (4/(-3))/((-4)/6). Suppose -b*z + 1446 + i = 0. Is z a prime number?
False
Suppose -239561 = -3*z + 388480. Is z a composite number?
False
Suppose 233*z - 24327716 = 37*z. Is z prime?
True
Let m = 214 - -980. Let s = 2491 - m. Is s prime?
True
Suppose -100*y + 619533 - 83833 = 0. Is y prime?
False
Let t be -2*(-12516)/(-8) - (-6)/(-3). Let q = 7992 + t. Is q a composite number?
False
Suppose 292*b - 3527240 = 45046668. Is b a prime number?
True
Let g = 426397 + -205650. Is g a composite number?
False
Suppose 4*x + 20 = 0, 10*h - 3*x + 16303 = 12*h. Let m = 15760 - h. Is m a prime number?
False
Suppose 3*b - 21179 = 16204. Is b a prime number?
False
Let x(a) = -2*a - 1. Let y be x(-23). Let q = y + -47. Let v(b) = 22*b**2 + 2*b - 1. Is v(q) a composite number?
False
Suppose 5900*n + 2716849 = 5904*n - 1509043. Is n a composite number?
True
Let x(v) = 2*v - 31. Let a be x(15). Let b be 2*(a + 12/(-8)). Let w(m) = -3*m**3 + m**2 - 5*m - 6. Is w(b) prime?
True
Let k = -15 - -15. Suppose -n - 2*o - 1 = k, -o + 5*o + 6 = 2*n. Is 75 - (0/n - -1) a composite number?
True
Let t be (-257778)/(-10) + (72/10)/(-9). Let c = -4092 + t. Is c composite?
True
Let d(j) = 2*j + 3. Let h = -1 + 1. Suppose h = 47*w - 43*w - 56. Is d(w) composite?
False
Let i = -470456 + 911305. Is i prime?
True
Let k be (-7562 - 14)*(11/(-2) + 2). Suppose -14*i + k = -23786. Is i a prime number?
True
Let u be 13/3 - 5 - 2290/(-6). Suppose -4*b - 5*z + 3 = 0, 0*b - 4 = -3*b - 2*z. Suppose k = -b*k + u. Is k composite?
False
Is 325353 - (16/(-40))/((-5)/(-25)) composite?
True
Suppose 0 = 10*l - 8937 - 26993. Is l a prime number?
True
Let s = -32 + 45. Suppose -s*b = -4*b - 72. Suppose 0 = -b*k + 291 + 181. Is k composite?
False
Suppose 2*u + 15*u = 85. Suppose i - 5073 = 5*q, u*q + 9698 + 5531 = 3*i. Is i a composite number?
True
Let p = 245105 + -49244. Is p a composite number?
True
Let j(b) = 8*b**3 - 3*b**2 + 3*b - 10. Let f be ((-30)/(-18))/((-5)/(-12)). Let o be j(f). Is o/14 + (-16)/56 a composite number?
True
Suppose 3*o - 133 = 4*q + 8863, 3*q - 11953 = -4*o. Suppose 11217 - o = 25*t. Is t a composite number?
True
Let z be (2/8)/(6 + 17372/(-2896)). Let o = 738 - z. Is o a prime number?
True
Is ((-326956)/56)/((-4)/8) a prime number?
True
Let f(p) = -249*p**3 - 3*p**2 - 6*p + 5. Let m(w) = -250*w**3 - 2*w**2 - 5*w + 4. Suppose 3*t + 2*t - 10 = 0. Let k(o) = t*f(o) - 3*m(o). Is k(1) composite?
True
Suppose 0*g = -2*t + 4*g + 834, -2*g = -4*t + 1644. Let u(k) = -9*k + t + 8*k + 0*k + k**2. Is u(0) a composite number?
False
Let b(q) = q**2 + 10*q - 57. Let j be b(-14). Is ((-127)/3)/(((-6)/(-414))/j) composite?
True
Suppose -9*b - 21 = -3*w - 7*b, w - 5*b = 20. Suppose 3*c - 4*z - 310 = 0, -3*c - z = -198 - 107. Suppose -3*h = -w*h + c. Is h composite?
True
Is 63403200/275 - ((-68)/(-22) + -3) composite?
True
Let p = 16 - 17. Let d be (33/(-55))/((p*2)/10). Suppose -d*x - 435 + 2339 = t, 0 = -4*x - t + 2539. Is x prime?
False
Let m(u) = u**3 + 41*u**2 - 25*u - 43. Suppose -15*p + 59 = 314. Is m(p) composite?
True
Suppose -3*s + 5*w + 0*w = 8, 2*s - 4*w + 8 = 0. Suppose 63 = -4*z + 5*f + 479, 2*z = s*f + 202. Is z prime?
True
Let b(i) = -2421*i - 55 - 45*i - 47 + 5. Is b(-4) prime?
True
Let w be -2*(-3)/(-8) - 102/(-8). Suppose 3 = -11*d + w*d. Suppose 4*a = d*a + 37. Is a a composite number?
False
Suppose -4*m - 3*o - 10 = 2*o, 4 = -3*m - 2*o. Suppose 0 = 5*t - 2*x - 12185, t + m*x + 3*x - 2420 = 0. Let i = t + -1098. Is i a composite number?
True
Let n(l) = l + 9. Let r be n(-6). Suppose -r*c = -3497 - 3340. Is c a composite number?
True
Let x = 5395 + -3808. Let c = x + -775. Suppose 4*z - 8*z + c = 0. Is z a composite number?
True
Is 368809051/3397 - (-4)/(-86) composite?
True
Suppose -i + 55664 = -4*x + 264921, 2*i + 261569 = 5*x. Is x a prime number?
False
Let z be (10 - 19)*(-2 - -1). Let k = 0 + -54. Is 12/k + 5285/z a composite number?
False
Suppose -30373 = -4*g - 4093. Let t = -2453 + g. Is t a prime number?
False
Let v = -14418 - -9281. Let b = 10743 + v. Is b prime?
False
Suppose 6*j - 3289 = 683. Suppose 7*s - 4*v = 9*s - j, -2*v = 4*s - 1324. Is s a prime number?
True
Suppose 5*q + 72 - 312 = 0. Is (-8)/q*3*-7556 composite?
True
Let p(m) = 9254*m**3 + 6*m**2 - 80*m + 409. Is p(5) prime?
False
Suppose 37*y + 4 = 39*y. Suppose 0*h = -2*h - 3*m + 13, y*h = 3*m - 5. Suppose 2*p = -t + 1116, -p - h*t + 855 = 294. Is p a prime number?
True
Let n = -8 + 13. Let t(a) = -a**3 + 6*a**2 - 6*a + 7. Let i be t(n). Is 1813/i - (4/8 - 1) composite?
False
Let k(q) = -5154*q**3 - 2*q**2 + 19*q + 13. Is k(-4) a prime number?
True
Let x(l) = -l**3 - 5*l**2 - 5*l + 1. Let o be x(-4). Suppose -o*j = -2*d - 111 - 78, 80 = 2*j - 3*d. Let r = 12 + j. Is r a composite number?
True
Suppose -6*r - 5*t - 7 = -10*r, 28 = r + 4*t. Let x(v) = 12*v**3 + 12*v**2 + 3*v - 29. Is x(r) prime?
True
Let n = 2139373 + -1487184. Is n a composite number?
False
Let b(o) = 16*o**3 - 12*o**2 + 51*o + 175. Is b(12) prime?
False
Suppose 59444 = 5*c - 5*n - 30646, 2*c + 4*n = 36006. Is c a composite number?
False
Suppose -2*s + 2153060 = 2*b, 2*b + 9 = 27. Is s a composite number?
True
Suppose -12*v = -7*v + 19*v - 206088. Is v composite?
True
Let n = 34 - 59. Let i = n - -28. Suppose i*f - 419 = 784. Is f composite?
False
Let b(u) = 174*u**2 + u + 6. Let t(l) = l**2 - 1. Let q(p) = b(p) - 5*t(p). Is q(4) a composite number?
False
Let h(s) = 7*s + s - s - 38 + 31*s**2 + 61. Let d be h(7). Suppose -d = -5*f + 804. Is f composite?
False
Suppose 225*f - 86763 = 222*f + 2*a, 3*f = -2*a + 86763. Is f a prime number?
True
Let k(p) be the third derivative of 1/60*p**5 + 0 + 0*p - 5/6*p**3 + 1/4*p**4 + 32*p**2 + 17/40*p**6. Is k(2) prime?
True
Is -580*(1 - 9429/14) + -1 + -6 a composite number?
False
Let h(g) = -2*g**2 - g. Let x(d) = 2*d**2 + 2*d. Let t(y) = 4*h(y) + 6*x(y). Let b be t(-2). Is 12/(-1 + 4) + (b - -207) a prime number?
True
Suppose 9*k - k - 2488631 = 1679649. Is k composite?
True
Suppose 0 = -3*k - 4 + 19, -3*k = 5*s - 605. Suppose -s = -g - g. Suppose -6847 = -6*y + g. Is y composite?
False
Let a = -6439 + 11228. Is a composite?
False
Is (303194/4)/((-18)/(-972)*27) a composite number?
False
Let o = -511 - -523. Is 6064/o*(3/(-12) + 1) composite?
False
Let r(l) = -10*l**2 + 3*l + 12. Let g be r(-4). Let y be (-6705)/8 - 20/g. Is (35/(-10) - -3)*y prime?
True
Let l(c) = 2*c - 8. Let a be l(8). Let m(s) = -3*s + 2 + 3*s**2 + 3*s - 3 - a*s. Is m(6) prime?
True
Suppose -165*v + 156*v = -370701. Is v prime?
True
Suppose 8*r = 21*r - 1954537. Is r a prime number?
False
Let p be (4/(-20)*-3 + -1)*20. Let y be p + 4 + 6 + (2 - 2). Is 449 - 20/(y - -3) composite?
True
Let j(y) = 4*y**2 - 112*y + 85. Is j(34) composite?
True
Let j = -1099179 - -1920640. Is j a composite number?
False
Let m(v) = 89*v**2 - 4*v + 76. Let i be m(10). Suppose 12*f = 2596 + i. Is f prime?
False
Is 70623 + (4/9)/((-70)/(-1260)) composite?
True
Suppose 1336*f + 411223 = 1338*f + 5*l, 4*l + 616869 = 3*f. Is f a composite number?
False
Suppose 14 = 4*b + 3*b. Suppose -5*p - 738 = -b*x - 119, 3*x + 4*p - 963 = 0. Is x a composite number?
False
Let h(d) = -3*d + 438. Suppose -4 = 4*j + 3*l, 0 + 16 = 4*l. Let g(u) = -2*u + 439. Let s(q) = j*h(q) + 5*g(q). Is s(0) a prime number?
True
Let t(u) = -u**2 - 11*u + 79. Let r be t(5). Is (-7)/(-14)*-14*(-738 + r) composite?
True
Let j = 159 - 147. Suppose -j*n = 8638 - 33346. Is n composite?
True
Let v(n) = -7342*n - 3527. Is v(-46) prime?
False
Let z(u) be the second derivative of u**5/20 + 3*u**4/2 + u**3/2 - 6*u**2 - 16*u. Is z(-17) a composite number?
True
Let f(b) = -b**3 + 7*b**2 - b + 1. Let n be f(3). Let x = -26 + n. Is ((-444)/(-18))/(x/12) a composite number?
False
Let v = 2344 + -917. Let a = 2864 - v. Let m = a - -124. Is m composite?
True
Suppose 36*l + 2814 = 42*l. Suppose -i = -2*i + 4. Suppose -4*b - i*t = -5*b + l, 464 = b - 3*t. Is b prime?
True
Suppose -2*h - h = 5*g + 6, 5*h - 2